*2 + 4*l + 3. Let f = 18 - 23. Is o(f) a prime number?
False
Let z(j) = -20*j + 4. Suppose -m = -4*m - 15. Let l(v) = v - 1. Let h(t) = m*l(t) - z(t). Is h(2) a prime number?
True
Let s(y) = 3*y**2 + 2*y. Let t be (-1 - 0)*(3 - -2). Is s(t) composite?
True
Let m = -22 + 16. Let v(y) = -3*y**2 - 3*y - 8. Let a be v(m). Is (a/(-6))/(3/9) a prime number?
False
Let o(p) = -5*p**2 - p + 1. Let d be o(1). Is 8/(-10)*d/2 a prime number?
True
Let u(p) = p**3 + 4*p**2 - 6*p + 3. Let h be u(-5). Let l = h - -39. Is l a prime number?
True
Suppose 435 + 682 = n. Is n a composite number?
False
Suppose 1727 = -2*b + 5761. Is b prime?
True
Let n(o) = -o**2 + 8*o + 3. Let y(m) = 4*m. Let q be y(1). Is n(q) a composite number?
False
Suppose 3725 + 215 = -5*i. Is i/(-12) + (-4)/6 prime?
False
Let a(q) = q**3 - 5*q**2 + 2*q - 7. Suppose -4*k = m - 0*m - 17, -4*m + 11 = -3*k. Let u be a(m). Let f = u - -4. Is f composite?
False
Suppose -4*z + 426 = 2*w, -w + 4*w + 2*z - 655 = 0. Is w a prime number?
False
Suppose -y - 15 = -4*y. Suppose 2*p - l = -3*p + 2811, y*l - 1709 = -3*p. Is p composite?
False
Suppose -112 = -0*t - 4*t. Let i = 41 - t. Is i prime?
True
Suppose -4*c = -c - 33. Let j = -43 + c. Let y = j - -85. Is y a prime number?
True
Suppose j - 6*j - 15 = 0. Let t = j + 22. Suppose 0 = -4*g + 6*g - l - t, -4*g = -5*l - 29. Is g composite?
False
Let y = 520 + -365. Suppose 0 = -0*x - 5*x + 4*h + y, 0 = -x - h + 31. Is x a composite number?
False
Let d = 1927 + -26. Is d composite?
False
Suppose k = 18 + 8. Let c = 103 - k. Is c a composite number?
True
Let l(c) = -19*c - 1. Let n be l(1). Is (n/(-30))/(2/555) a composite number?
True
Suppose -w = -o - 3*w + 124, 0 = -3*o + 3*w + 336. Is (7/4)/(1/o) a composite number?
True
Suppose -n = n + 90. Let l = n + 134. Is l a composite number?
False
Let o be ((-8)/5)/(4/(-10)). Suppose -4*v = -2*v + o, 4*l - 2*v - 576 = 0. Is l prime?
False
Let y = 1795 - 132. Is y composite?
False
Suppose -7*n + 8*n = 185. Is n a prime number?
False
Is -249*(8/2 - 5) a composite number?
True
Let z(a) = 6*a**2 + 9*a - 19. Is z(-8) a composite number?
False
Let o(m) = -5*m + 2 + 0*m + 1 - 6. Let j be o(-4). Let r = -11 + j. Is r a composite number?
True
Let n = -557 - -1618. Is n prime?
True
Let o(s) be the third derivative of -7*s**4/24 - s**3/3 + 2*s**2. Let l be o(-7). Suppose 2*h = -3*c + 41, -4*c + 5*h + l = -0*h. Is c a composite number?
False
Let k = -153 - -355. Is k a composite number?
True
Suppose -2*f + 106 = -0*f - 5*y, 106 = 2*f - y. Suppose -5*g = -a + f, 9 - 86 = -a - 3*g. Suppose -3*r = 2*m - 3*m + a, 0 = -m + 2*r + 69. Is m prime?
True
Let h = -86 - 24. Is h*(-3)/(-2 - -8) a composite number?
True
Is 1/7 - (-8812)/7 a composite number?
False
Is -1 - (-2 - -4) - -449 prime?
False
Suppose 4*x - 4*d = -8, -5*x + 10 = -2*x + d. Suppose -x*b = -b. Suppose -o = -5*n - 137, 3*o - 467 = -b*o + n. Is o a prime number?
True
Let a(c) = c**2 - 6*c + 4. Is a(15) a prime number?
True
Let j be ((-5)/2)/(4/(-8)). Suppose 4*g + 4*x = 6404, -j*g - 3*x + 7267 = -738. Is g a composite number?
False
Suppose -5*w + 606 - 124 = -z, 179 = 2*w - 5*z. Is w composite?
False
Let h(l) = -35*l + 26. Is h(-11) a prime number?
False
Suppose 0*v - 1485 = -v. Suppose 5*p + 0*p - v = 0. Let g = -106 + p. Is g a composite number?
False
Suppose 10532 = -66*h + 70*h. Is h a prime number?
True
Let n(i) = -15*i + 4. Is n(-13) prime?
True
Let g = -5 + 8. Let t(o) = 1 + g*o - o + 6*o**2 + 4*o**2. Is t(-3) composite?
True
Suppose -3*z - 197 = -1454. Is z prime?
True
Let z(j) = j**2 - 6*j + 2*j - 5 + 2*j. Let n be z(4). Suppose -f = -3*s + 4*f + 77, -3*f = -n*s + 69. Is s composite?
False
Let s(o) = 2*o**2 + 27*o - 1. Is s(20) a composite number?
True
Is 469 - 6/(3/1) composite?
False
Is 3022 - -1 - -2*(-2 + 0) composite?
False
Let v(i) = 34*i - 3. Let u(q) = -q**2 - 6*q - 3. Let k be u(-4). Let z be -3*k/((-30)/4). Is v(z) prime?
False
Suppose -5*k + 4*d = -42, -k + 4 = -5*d + 2*d. Is (-4)/(16/(-58))*k a prime number?
False
Suppose -5*q + 2*q + 4*a = -5, 3*q = -4*a + 37. Suppose 3*y + q = 5*t + 3, 0 = 3*y - 3*t. Suppose -3 - 1 = -y*h. Is h prime?
True
Is 5/(-10)*-2*641 composite?
False
Suppose 5*n - 7056 = 709. Is n composite?
False
Let w(x) = -71*x - 10. Let l(o) = 71*o + 9. Let k(v) = 6*l(v) + 5*w(v). Is k(3) a composite number?
True
Suppose 5*t - 150 = -3*v, 7 = -2*v + 3*t + 88. Suppose m - 34 - v = 0. Is m composite?
False
Suppose -4*m + 7*m = 15. Suppose 5*d = -v + 6*v + 2325, -m*d + v = -2345. Suppose -3*x + d = 2*x. Is x a composite number?
True
Suppose -4*y + 15*y = 3685. Is y a composite number?
True
Suppose 3*m - 2 = 7. Suppose m*i + 2*i = -1955. Let p = 602 + i. Is p a prime number?
True
Let q be (-1281)/14 - 2/4. Is 0/3 + -3 - q a composite number?
False
Let g(l) = 91*l + 4. Let u(q) = 46*q + 2. Let p(k) = 3*g(k) - 7*u(k). Is p(-3) prime?
False
Suppose -2*z + 4*m - 27 = -153, -3*z + 5*m = -193. Is z a prime number?
True
Let y = 198 + -103. Is y a prime number?
False
Let l be (-1)/3 + (-10)/15. Let f be (l - (-13)/1)/2. Suppose -5*t + f = -3*t. Is t a composite number?
False
Suppose 0 = -5*q + 5*y + 660, 3*q = y - 0*y + 396. Let n = q - 79. Is n prime?
True
Let l(j) = -6*j**3 + 30*j**2 + 30. Let f(n) = 0 - 6*n**2 - 3 - 1 + n**3 - 2. Let v(h) = -11*f(h) - 2*l(h). Is v(-6) a composite number?
True
Let q = -1 + 5. Suppose -j - 4*v + 11 = 0, -129 = -q*j - 2*v - 15. Is j a prime number?
True
Let z = 3 - -1. Let t = 44 + 49. Suppose z*j + t - 409 = 0. Is j a composite number?
False
Suppose 4*v - 3*a - 123 = 0, -v - 2*a + 138 = 3*v. Suppose 5*b = -17 + 17. Suppose 0 = -5*p - 10, b = g + 5*p + 6 - v. Is g a composite number?
False
Let p(t) = t - 3. Let o be p(9). Let f = o - 1. Suppose f*x - 19 = 4*x. Is x prime?
True
Let g be 6/(-4)*(-20)/(-5). Let k be (-114)/(-18) - (-2)/g. Suppose k*b - 2*b + 186 = 3*q, 2*q - 110 = -2*b. Is q a composite number?
True
Suppose 15*k - 12198 + 1683 = 0. Is k a composite number?
False
Let t(s) = 2*s**3 + 6*s**2 - 16*s + 19. Is t(10) a composite number?
False
Let h(p) = 2*p**3 + 5*p**2 - 8*p + 13. Let i(n) = -n**3 - 6*n**2 + 7*n - 13. Suppose 3*g = 4*g - 2. Let b(l) = g*h(l) + 3*i(l). Is b(9) a composite number?
False
Suppose -15*t + 11*t = -88. Is t composite?
True
Let u be 4/3 - (-4333)/(-21). Let c = u - -396. Is c prime?
True
Is (3412/(-6))/(2/(-3)) composite?
False
Let v = -440 + 953. Let j = 820 - v. Is j prime?
True
Let q(s) = s**2 + 5*s - 4. Let a be q(-6). Suppose -645 = -5*c + j, 0*c - 258 = -a*c - j. Is c prime?
False
Let o = 10 - 6. Suppose -3*r + 9 = -r + v, 18 = -r + o*v. Suppose -547 = -3*q + 2*n, 5*n - 154 = -r*q + q. Is q prime?
True
Let b(c) = -253*c - 7. Let q(s) = -379*s - 10. Let u(f) = -7*b(f) + 5*q(f). Is u(-3) composite?
True
Let z(i) = -20*i**3 + 2*i**2 + i. Let f be z(-1). Suppose 0 = 5*r - 256 + f. Is r composite?
False
Suppose -2*o + 6445 = -257. Is o a prime number?
False
Suppose 5*q + 4*k = 1374, -301 + 1395 = 4*q - 2*k. Is q prime?
False
Let t = -531 + 165. Let x = -157 - t. Is x a prime number?
False
Let y(k) be the first derivative of k**4 + 4*k**3/3 - 3*k**2/2 - 4*k + 1. Is y(3) a prime number?
True
Let x(d) = 22*d - 1. Let t be x(7). Let f be (-1)/3 + (-1940)/(-6). Suppose -4*y + f = -t. Is y prime?
False
Suppose a + 157 = 602. Is a prime?
False
Let j(l) = l**3 - 7*l**2 - 4*l + 1. Let w = 13 - 4. Is j(w) a prime number?
True
Is (376/(-12))/(5/((-225)/6)) prime?
False
Let t = 6 + -3. Is (510/18)/(1/t) a composite number?
True
Let t(a) = 13*a**2 + 1. Is t(-1) a prime number?
False
Suppose -3*u = -4 + 13. Let n(x) = -3*x**2 + 3*x - 1. Let v(b) = -4*b**2 + 3*b - 1. Let w(j) = u*v(j) + 2*n(j). Is w(2) composite?
False
Let n = -2 - 4. Let o = n - -4. Is o/12 + 1389/18 a prime number?
False
Let i(p) be the first derivative of -1 - p - 9/2*p**2. Is i(-3) composite?
True
Let i(r) = -r + 16. Let k be i(0). Let y = -93 + k. Is (-5 + 2)/3*y a prime number?
False
Let w(g) = g**3 + 6*g**2 + 5*g. Let h be w(-5). Suppose 4*j + j - 1285 = 5*u, 2*j + 3*u - 524 = h. Is j composite?
True
Suppose 0*d - 235 = d. Is (-2)/(-4)*d*-2 a prime number?
False
Is 4/(-6) - (-825)/9 composite?
True
Let h(b) be the second derivative of b**3/6 + 3*b. Let z be h(5). Suppose x + 2*x = z*v - 120, x + 5 = 0. Is v a prime n